 common divisor of 14 and 263515.
7
Calculate the greatest common divisor of 1636 and 395503.
409
What is the greatest common factor of 357 and 6171?
51
What is the highest common factor of 386 and 5581753?
193
Calculate the highest common divisor of 1440 and 672.
96
Calculate the greatest common divisor of 12429 and 9.
9
Calculate the highest common factor of 1397887 and 551.
551
What is the greatest common divisor of 18515 and 8855?
805
What is the highest common factor of 80 and 695984?
16
What is the highest common divisor of 126 and 2271654?
126
What is the highest common factor of 13760 and 8?
8
Calculate the greatest common factor of 12780 and 994.
142
Calculate the highest common factor of 840 and 1281.
21
Calculate the highest common divisor of 635283 and 62.
31
Calculate the greatest common factor of 10840 and 18440.
40
Calculate the highest common divisor of 6 and 11274.
6
What is the highest common factor of 565 and 305?
5
What is the highest common divisor of 61900 and 375?
25
Calculate the highest common divisor of 62021 and 18208.
569
What is the highest common divisor of 561 and 33150?
51
Calculate the greatest common factor of 2543242 and 754.
754
What is the greatest common divisor of 1195700 and 88?
44
What is the highest common divisor of 2646 and 108?
54
Calculate the greatest common factor of 782552 and 920.
184
What is the greatest common divisor of 355206 and 636?
318
What is the greatest common divisor of 146994 and 54?
6
Calculate the greatest common factor of 77 and 304381.
77
Calculate the greatest common divisor of 3995 and 323.
17
Calculate the highest common divisor of 400 and 247600.
400
Calculate the highest common factor of 79 and 356211.
79
Calculate the greatest common divisor of 120 and 78560.
40
What is the highest common divisor of 2 and 747810?
2
What is the greatest common factor of 154552 and 16?
8
What is the highest common divisor of 35316 and 30411?
981
Calculate the greatest common factor of 200 and 940.
20
Calculate the greatest common factor of 2511 and 45117.
81
Calculate the greatest common divisor of 225 and 4221.
9
What is the highest common divisor of 186655 and 420?
35
Calculate the greatest common factor of 141583 and 13.
13
Calculate the greatest common divisor of 1260 and 7497.
63
What is the greatest common divisor of 54281 and 611099?
1751
What is the highest common factor of 245293 and 1598?
799
Calculate the highest common factor of 75411 and 14896.
931
What is the highest common factor of 165046 and 14?
14
Calculate the greatest common factor of 31812 and 124.
4
What is the highest common divisor of 508 and 8457692?
508
What is the highest common divisor of 10063 and 145?
29
What is the highest common divisor of 264 and 49032?
24
What is the highest common factor of 69 and 169464?
69
What is the highest common factor of 1957 and 7600?
19
Calculate the highest common factor of 584 and 4163336.
584
What is the greatest common divisor of 65 and 5890105?
65
What is the highest common factor of 1457 and 4762933?
1457
What is the highest common divisor of 48 and 28008?
24
What is the greatest common divisor of 4792 and 248?
8
Calculate the highest common divisor of 2754 and 9486.
306
Calculate the greatest common factor of 147857 and 6169.
199
Calculate the highest common factor of 16640 and 585.
65
Calculate the greatest common divisor of 182 and 1778.
14
What is the greatest common factor of 796142 and 62?
62
Calculate the greatest common factor of 3373167 and 21.
21
Calculate the highest common divisor of 500 and 1726900.
100
What is the greatest common divisor of 532 and 2324?
28
Calculate the highest common factor of 528 and 123376.
176
Calculate the highest common factor of 191654 and 1106.
158
What is the greatest common factor of 309555 and 270?
135
Calculate the greatest common divisor of 1010262 and 12.
6
Calculate the highest common divisor of 182 and 686998.
26
Calculate the highest common divisor of 135 and 23535.
45
What is the highest common divisor of 36557 and 6575?
263
What is the greatest common divisor of 4366 and 10030?
118
Calculate the highest common divisor of 43489 and 1413.
157
Calculate the greatest common divisor of 851 and 3864.
23
What is the greatest common factor of 218 and 31174?
218
What is the greatest common factor of 12969 and 17816?
131
Calculate the highest common factor of 84 and 25788.
84
What is the greatest common factor of 62900 and 13600?
1700
What is the highest common factor of 1022 and 6748?
14
Calculate the highest common divisor of 847 and 1463.
77
Calculate the highest common divisor of 244525 and 75.
25
Calculate the highest common factor of 1885 and 38135.
145
What is the highest common factor of 27727 and 153?
17
What is the greatest common factor of 245 and 33740?
35
What is the greatest common divisor of 36 and 39264?
12
What is the highest common divisor of 102830 and 364?
182
What is the highest common factor of 20419 and 35?
7
What is the greatest common divisor of 96718 and 407?
37
What is the greatest common divisor of 15606 and 12393?
459
Calculate the highest common factor of 726 and 156211.
121
Calculate the greatest common divisor of 855 and 8455.
95
Calculate the greatest common divisor of 60 and 2894340.
60
What is the highest common factor of 229853 and 39?
13
What is the greatest common factor of 301058 and 436?
218
What is the greatest common factor of 1224 and 13656?
24
Calculate the highest common divisor of 47 and 136864.
47
What is the highest common divisor of 6956 and 218268?
188
What is the highest common divisor of 52 and 872014?
26
Calculate the greatest common factor of 18642 and 3510.
78
Calculate the greatest common factor of 646 and 13736.
34
Calculate the greatest common divisor of 188046 and 3162.
186
What is the greatest common divisor of 8990 and 2030?
290
Calculate the highest common factor of 195 and 1807845.
195
Calculate the highest common factor of 476 and 70868.
28
What is the greatest common divisor of 59426 and 172?
86
Calculate the greatest common divisor of 38664 and 432.
216
Calculate the highest common divisor of 52 and 19253.
13
Calculate the greatest common factor of 7350 and 142296.
294
Calculate the highest common factor of 2216 and 3032.
8
What is the highest common divisor of 494507 and 13?
13
Calculate the greatest common divisor of 1003970 and 110.
110
What is the highest common divisor of 38 and 118?
2
Calculate the greatest common divisor of 3 and 869.
1
What is the highest common divisor of 1904363 and 5505?
367
Calculate the highest common divisor of 8 and 2565016.
8
What is the greatest common divisor of 4876 and 19412?
92
What is the greatest common factor of 24 and 525948?
12
Calculate the highest common factor of 3 and 938386.
1
What is the greatest common factor of 937 and 54?
1
Calculate the highest common divisor of 30 and 12918.
6
What is the greatest common factor of 20 and 244690?
10
What is the highest common factor of 8 and 108776?
8
Calculate the highest common divisor of 10 and 115435.
5
Calculate the greatest common divisor of 6862 and 527498.
146
What is the greatest common divisor of 488 and 158783?
61
What is the greatest common factor of 256 and 14912?
64
Calculate the highest common factor of 50523 and 264.
33
Calculate the highest common factor of 98474 and 1378.
106
What is the greatest common divisor of 1661020 and 2120?
1060
What is the highest common factor of 6108 and 2221276?
2036
What is the greatest common divisor of 347 and 80851?
347
What is the highest common factor of 28030 and 30?
10
Calculate the greatest common divisor of 2388 and 84.
12
Calculate the highest common factor of 3610552 and 88.
88
What is the highest common factor of 571797 and 9?
9
What is the highest common factor of 36 and 766200?
12
Calculate the highest common factor of 2416 and 11552.
16
Calculate the greatest common factor of 2828 and 252.
28
What is the highest common divisor of 11066 and 44?
22
Calculate the highest common factor of 174484 and 2896.
724
Calculate the highest common divisor of 36676 and 477.
53
What is the highest common divisor of 20 and 72235?
5
Calculate the greatest common factor of 3233 and 1643.
53
What is the highest common divisor of 1410 and 